{"id":605,"date":"2019-09-30T11:31:09","date_gmt":"2019-09-30T11:31:09","guid":{"rendered":"http:\/\/demo.accesspressthemes.com\/accesspress-parallax\/corporate\/?page_id=605"},"modified":"2022-12-15T20:52:16","modified_gmt":"2022-12-16T00:52:16","slug":"home2","status":"publish","type":"page","link":"https:\/\/dev.passportgroup.cl\/","title":{"rendered":"Home"},"content":{"rendered":"<p>[vc_row full_width=\u00bbstretch_row\u00bb full_height=\u00bbyes\u00bb bg_type=\u00bbvideo\u00bb video_url=\u00bb\/wp-content\/uploads\/2022\/08\/Pexels-Videos-2876.mp4&#8243; video_opts=\u00bbloop,muted\u00bb el_id=\u00bbtop\u00bb][vc_column][vc_column_text]<\/p>\n<h1 style=\"text-align: center;\">IDEAS QUE VUELAN<\/h1>\n<p>[\/vc_column_text][\/vc_column][\/vc_row][vc_row full_width=\u00bbstretch_row\u00bb css_animation=\u00bbslideInLeft\u00bb bg_type=\u00bbimage\u00bb parallax_style=\u00bbvcpb-vz-jquery\u00bb bg_image_new=\u00bbid^1691|url^https:\/\/dev.passportgroup.cl\/wp-content\/uploads\/2022\/08\/pexels-airam-vargas-868940.jpeg|caption^null|alt^null|title^pexels-airam-vargas-868940|description^null\u00bb bg_image_repeat=\u00bbno-repeat\u00bb disable_on_mobile_img_parallax=\u00bbdisable_on_mobile_img_parallax_value\u00bb el_id=\u00bbque-hacemos\u00bb css=\u00bb.vc_custom_1660804476554{padding-top: 80px !important;padding-bottom: 80px !important;}\u00bb][vc_column][vc_row_inner equal_height=\u00bbyes\u00bb css=\u00bb.vc_custom_1660801721527{padding-top: 0px !important;background-color: #000000 !important;}\u00bb][vc_column_inner width=\u00bb2\/12&#8243;][vc_single_image image=\u00bb1771&#8243; img_size=\u00bbfull\u00bb css=\u00bb.vc_custom_1671137452924{margin-bottom: 0px !important;}\u00bb][\/vc_column_inner][vc_column_inner width=\u00bb4\/12&#8243;][vc_column_text]<\/p>\n<h2>BTL<\/h2>\n<p>Congresos, workshop, eventos corporativos, merchandising, activaciones en PDV, intervenciones y mucho m\u00e1s.<\/p>\n<div class=\"btn-servicio\">DESPEGA CON NOSOTROS<\/div>\n<p>[\/vc_column_text][\/vc_column_inner][vc_column_inner width=\u00bb2\/12&#8243;][vc_single_image image=\u00bb1772&#8243; img_size=\u00bbfull\u00bb css=\u00bb.vc_custom_1671137464940{margin-bottom: 0px !important;}\u00bb][\/vc_column_inner][vc_column_inner width=\u00bb4\/12&#8243;][vc_column_text]<\/p>\n<h2>\u00c1REA DE DISE\u00d1O<\/h2>\n<p>Desarrollo de identidad de marca, dise\u00f1o gr\u00e1fico e industrial, originales y m\u00e1s. Construcci\u00f3n de stands, muebles y soluciones industriales.<\/p>\n<div class=\"btn-servicio\">EMPRENDAMOS EL VIAJE<\/div>\n<p>[\/vc_column_text][\/vc_column_inner][\/vc_row_inner][vc_row_inner equal_height=\u00bbyes\u00bb css=\u00bb.vc_custom_1660799162824{background-color: #000000 !important;}\u00bb][vc_column_inner width=\u00bb2\/12&#8243;][vc_single_image image=\u00bb1776&#8243; img_size=\u00bbfull\u00bb css=\u00bb.vc_custom_1671137482740{margin-bottom: 0px !important;}\u00bb][\/vc_column_inner][vc_column_inner width=\u00bb4\/12&#8243;][vc_column_text]<\/p>\n<h2>TRADE<br \/>\nMARKETING<\/h2>\n<p>Mejora tus resultados con nuestras estrategias de venta, generando eficiencia en costo, tiempo y espacio.<\/p>\n<div class=\"btn-servicio\">ABR\u00d3CHENSE LOS CINTURONES<\/div>\n<p>[\/vc_column_text][\/vc_column_inner][vc_column_inner width=\u00bb2\/12&#8243;][vc_single_image image=\u00bb1775&#8243; img_size=\u00bbfull\u00bb css=\u00bb.vc_custom_1671137506231{margin-bottom: 0px !important;}\u00bb][\/vc_column_inner][vc_column_inner width=\u00bb4\/12&#8243;][vc_column_text]<\/p>\n<h2>MARKETING DIGITAL<\/h2>\n<p>Estrategia, desarrollo de creativos, configuraci\u00f3n, implementaci\u00f3n, optimizaci\u00f3n\u00a0 y reporter\u00eda de campa\u00f1as digitales.<\/p>\n<div class=\"btn-servicio\">COMIENZA EL VIAJE<\/div>\n<p>[\/vc_column_text][\/vc_column_inner][\/vc_row_inner][vc_row_inner equal_height=\u00bbyes\u00bb css=\u00bb.vc_custom_1660799170677{background-color: #000000 !important;}\u00bb][vc_column_inner width=\u00bb2\/12&#8243;][vc_single_image image=\u00bb1773&#8243; img_size=\u00bbfull\u00bb css=\u00bb.vc_custom_1671137516400{margin-bottom: 0px !important;}\u00bb][\/vc_column_inner][vc_column_inner width=\u00bb4\/12&#8243;][vc_column_text]<\/p>\n<h2>EVENTOS CORPORATIVOS<\/h2>\n<p>Cada evento es u\u0301nico, con motivaciones y prop\u00f3sitos distintos. Comparte y celebra con tus colaboradores o con tu p\u00fablico objetivo.<\/p>\n<div class=\"btn-servicio\">ATERRIZAMOS TUS IDEAS<\/div>\n<p>[\/vc_column_text][\/vc_column_inner][vc_column_inner width=\u00bb2\/12&#8243;][vc_single_image image=\u00bb1774&#8243; img_size=\u00bbfull\u00bb css=\u00bb.vc_custom_1671137525300{margin-bottom: 0px !important;}\u00bb][\/vc_column_inner][vc_column_inner width=\u00bb4\/12&#8243;][vc_column_text]<\/p>\n<h2>LOGI\u0301STICA<\/h2>\n<p>Traslados, montaje, bodega y env\u00edos a nivel nacional. Nos encargamos de todo.<\/p>\n<div class=\"btn-servicio\">EMBARQU\u00c9MONOS AHORA<\/div>\n<p>[\/vc_column_text][\/vc_column_inner][\/vc_row_inner][\/vc_column][\/vc_row][vc_row full_width=\u00bbstretch_row\u00bb el_id=\u00bbruta\u00bb css=\u00bb.vc_custom_1671145333163{background-color: #000000 !important;}\u00bb][vc_column]<div id=\"ult-carousel-391423599169e33f7973d20\" class=\"ult-carousel-wrapper   ult_horizontal\" data-gutter=\"15\" data-rtl=\"false\" ><div class=\"ult-carousel-62688009069e33f7973cce \" >[vc_single_image image=\u00bb1786&#8243; img_size=\u00bbfull\u00bb][vc_single_image image=\u00bb1785&#8243; img_size=\u00bbfull\u00bb][vc_single_image image=\u00bb1784&#8243; img_size=\u00bbfull\u00bb][vc_single_image image=\u00bb1783&#8243; img_size=\u00bbfull\u00bb][vc_single_image image=\u00bb1782&#8243; img_size=\u00bbfull\u00bb][vc_single_image image=\u00bb1780&#8243; img_size=\u00bbfull\u00bb][vc_single_image image=\u00bb1779&#8243; img_size=\u00bbfull\u00bb][vc_single_image image=\u00bb1778&#8243; img_size=\u00bbfull\u00bb][vc_single_image image=\u00bb1781&#8243; img_size=\u00bbfull\u00bb]<\/div><\/div>\t\t\t<script type=\"text\/javascript\">\r\n\t\t\t\tjQuery(document).ready(function ($) {\r\n\t\t\t\t\tif( typeof jQuery('.ult-carousel-62688009069e33f7973cce').slick == \"function\"){\r\n\t\t\t\t\t\t$('.ult-carousel-62688009069e33f7973cce').slick({dots: false,autoplay: true,autoplaySpeed: 4000,speed: 2000,infinite: true,arrows: true,nextArrow: '<button type=\"button\" role=\"button\" aria-label=\"Next\" style=\"color:#d1af61; font-size:32px;\" class=\"slick-next default\"><i class=\"ultsl-arrow-right4\"><\/i><\/button>',prevArrow: '<button type=\"button\" role=\"button\" aria-label=\"Previous\" style=\"color:#d1af61; font-size:32px;\" class=\"slick-prev default\"><i class=\"ultsl-arrow-left4\"><\/i><\/button>',slidesToScroll:5,slidesToShow:5,swipe: true,draggable: true,touchMove: true,pauseOnHover: true,pauseOnFocus: false,responsive: [\r\n\t\t\t\t\t\t\t{\r\n\t\t\t\t\t\t\t  breakpoint: 1026,\r\n\t\t\t\t\t\t\t  settings: {\r\n\t\t\t\t\t\t\t\tslidesToShow: 5,\r\n\t\t\t\t\t\t\t\tslidesToScroll: 5,  \r\n\t\t\t\t\t\t\t  }\r\n\t\t\t\t\t\t\t},\r\n\t\t\t\t\t\t\t{\r\n\t\t\t\t\t\t\t  breakpoint: 1025,\r\n\t\t\t\t\t\t\t  settings: {\r\n\t\t\t\t\t\t\t\tslidesToShow: 3,\r\n\t\t\t\t\t\t\t\tslidesToScroll: 3\r\n\t\t\t\t\t\t\t  }\r\n\t\t\t\t\t\t\t},\r\n\t\t\t\t\t\t\t{\r\n\t\t\t\t\t\t\t  breakpoint: 760,\r\n\t\t\t\t\t\t\t  settings: {\r\n\t\t\t\t\t\t\t\tslidesToShow: 2,\r\n\t\t\t\t\t\t\t\tslidesToScroll: 2\r\n\t\t\t\t\t\t\t  }\r\n\t\t\t\t\t\t\t}\r\n\t\t\t\t\t\t],pauseOnDotsHover: true,customPaging: function(slider, i) {\r\n                   return '<i type=\"button\" style= \"color:#333333;\" class=\"ultsl-record\" data-role=\"none\"><\/i>';\r\n                },});\r\n\t\t\t\t\t}\r\n\t\t\t\t});\r\n\t\t\t<\/script>\r\n\t\t\t[\/vc_column][\/vc_row][vc_row full_width=\u00bbstretch_row\u00bb equal_height=\u00bbyes\u00bb content_placement=\u00bbmiddle\u00bb css=\u00bb.vc_custom_1670706715989{background-color: #000000 !important;}\u00bb el_id=\u00bbtripulacion\u00bb][vc_column width=\u00bb1\/2&#8243;][vc_column_text css_animation=\u00bbfadeInLeft\u00bb el_class=\u00bbtxt-intro\u00bb]<\/p>\n<h2 style=\"text-align: right;\">TRIPULACIO\u0301N<\/h2>\n<p style=\"text-align: right;\">Nace de la amistad y la experiencia de dos amigos que se conocen trabajando.<\/p>\n<p style=\"text-align: right;\">Nos gusta el nerviosismo al presentar propuestas de marca, el stress de los eventos, el ritmo vertiginoso del Trade y RRHH, inventar soluciones industriales&#8230; Tambi\u00e9n la locura de las producciones audiovisuales y el orden del mundo de la logi\u0301stica.<\/p>\n<p style=\"text-align: right;\">Pero tenemos algo ma\u0301s en comu\u0301n: nos gusta viajar, recorrer, vivir nuevas experiencias y salir de nuestra zona de confort. Y eso precisamente es lo que queremos estampar con nuestros clientes y colaboradores.<\/p>\n<p style=\"text-align: right;\"><em>\u00abExiste una palabra para definir el momento en que fantasi\u0301a y realidad se mezclan: locura\u00bb<\/em><\/p>\n<p class=\"autora\" style=\"text-align: right;\"><em>(Laia Soler)<\/em><\/p>\n<p style=\"text-align: right;\">Eso hacemos &#8230; <strong>\u00a1Locuras!<\/strong><\/p>\n<p>[\/vc_column_text][\/vc_column][vc_column width=\u00bb1\/2&#8243;][vc_single_image image=\u00bb1718&#8243; img_size=\u00bbfull\u00bb css_animation=\u00bbfadeIn\u00bb][\/vc_column][\/vc_row][vc_row full_width=\u00bbstretch_row\u00bb css=\u00bb.vc_custom_1670697747285{background-color: #000000 !important;}\u00bb][vc_column]<div id=\"ult-carousel-98938844469e33f7973d75\" class=\"ult-carousel-wrapper   ult_horizontal\" data-gutter=\"15\" data-rtl=\"false\" ><div class=\"ult-carousel-283200763169e33f7973d63 \" >[vc_column_text el_class=\u00bbteam-item\u00bb]<\/p>\n<p style=\"text-align: center;\"><img decoding=\"async\" loading=\"lazy\" class=\"wp-image-1760 size-medium aligncenter\" src=\"https:\/\/dev.passportgroup.cl\/wp-content\/uploads\/2022\/12\/CARLOS-222x300.png\" alt=\"\" width=\"222\" height=\"300\" srcset=\"https:\/\/dev.passportgroup.cl\/wp-content\/uploads\/2022\/12\/CARLOS-222x300.png 222w, https:\/\/dev.passportgroup.cl\/wp-content\/uploads\/2022\/12\/CARLOS.png 228w\" sizes=\"(max-width: 222px) 100vw, 222px\" \/><\/p>\n<p style=\"text-align: center;\"><strong>Carlos Guti\u00e9rrez<\/strong><br \/>\nProductor General<\/p>\n<p>[\/vc_column_text][vc_column_text el_class=\u00bbteam-item\u00bb]<\/p>\n<p style=\"text-align: center;\"><img decoding=\"async\" loading=\"lazy\" class=\"wp-image-1762 size-medium aligncenter\" src=\"https:\/\/dev.passportgroup.cl\/wp-content\/uploads\/2022\/12\/CARO-222x300.png\" alt=\"\" width=\"222\" height=\"300\" srcset=\"https:\/\/dev.passportgroup.cl\/wp-content\/uploads\/2022\/12\/CARO-222x300.png 222w, https:\/\/dev.passportgroup.cl\/wp-content\/uploads\/2022\/12\/CARO.png 228w\" sizes=\"(max-width: 222px) 100vw, 222px\" \/><\/p>\n<p style=\"text-align: center;\"><strong>Carola Herrera<\/strong><br \/>\nDirectora Comercial<\/p>\n<p>[\/vc_column_text][vc_column_text el_class=\u00bbteam-item\u00bb]<\/p>\n<p style=\"text-align: center;\"><img decoding=\"async\" loading=\"lazy\" class=\"wp-image-1761 size-medium aligncenter\" src=\"https:\/\/dev.passportgroup.cl\/wp-content\/uploads\/2022\/12\/CARMEN-222x300.png\" alt=\"\" width=\"222\" height=\"300\" srcset=\"https:\/\/dev.passportgroup.cl\/wp-content\/uploads\/2022\/12\/CARMEN-222x300.png 222w, https:\/\/dev.passportgroup.cl\/wp-content\/uploads\/2022\/12\/CARMEN.png 228w\" sizes=\"(max-width: 222px) 100vw, 222px\" \/><\/p>\n<p style=\"text-align: center;\"><strong>Carmen Sep\u00falveda<\/strong><br \/>\nDirectora de Desarrollo de Negocios<\/p>\n<p>[\/vc_column_text][vc_column_text el_class=\u00bbteam-item\u00bb]<\/p>\n<p style=\"text-align: center;\"><img decoding=\"async\" loading=\"lazy\" class=\"wp-image-1764 size-medium aligncenter\" src=\"https:\/\/dev.passportgroup.cl\/wp-content\/uploads\/2022\/12\/RONALD-222x300.png\" alt=\"\" width=\"222\" height=\"300\" srcset=\"https:\/\/dev.passportgroup.cl\/wp-content\/uploads\/2022\/12\/RONALD-222x300.png 222w, https:\/\/dev.passportgroup.cl\/wp-content\/uploads\/2022\/12\/RONALD.png 228w\" sizes=\"(max-width: 222px) 100vw, 222px\" \/><\/p>\n<p style=\"text-align: center;\"><strong>Ronald Vargas<\/strong><br \/>\nJefe de Trade Marketing<\/p>\n<p>[\/vc_column_text][vc_column_text el_class=\u00bbteam-item\u00bb]<\/p>\n<p style=\"text-align: center;\"><img decoding=\"async\" loading=\"lazy\" class=\"wp-image-1765 size-medium aligncenter\" src=\"https:\/\/dev.passportgroup.cl\/wp-content\/uploads\/2022\/12\/VANUSSA-222x300.png\" alt=\"\" width=\"222\" height=\"300\" srcset=\"https:\/\/dev.passportgroup.cl\/wp-content\/uploads\/2022\/12\/VANUSSA-222x300.png 222w, https:\/\/dev.passportgroup.cl\/wp-content\/uploads\/2022\/12\/VANUSSA.png 228w\" sizes=\"(max-width: 222px) 100vw, 222px\" \/><\/p>\n<p style=\"text-align: center;\"><strong>Vanussa Sallorenzo<\/strong><br \/>\nCoordinadora Trade Marketing<\/p>\n<p>[\/vc_column_text][vc_column_text el_class=\u00bbteam-item\u00bb]<\/p>\n<p style=\"text-align: center;\"><img decoding=\"async\" loading=\"lazy\" class=\"wp-image-1759 size-medium aligncenter\" src=\"https:\/\/dev.passportgroup.cl\/wp-content\/uploads\/2022\/12\/ANDREA-222x300.png\" alt=\"\" width=\"222\" height=\"300\" srcset=\"https:\/\/dev.passportgroup.cl\/wp-content\/uploads\/2022\/12\/ANDREA-222x300.png 222w, https:\/\/dev.passportgroup.cl\/wp-content\/uploads\/2022\/12\/ANDREA.png 228w\" sizes=\"(max-width: 222px) 100vw, 222px\" \/><\/p>\n<p style=\"text-align: center;\"><strong>Andrea Aguilar<\/strong><br \/>\nEjecutiva de Cuentas<\/p>\n<p>[\/vc_column_text][vc_column_text el_class=\u00bbteam-item\u00bb]<\/p>\n<p style=\"text-align: center;\"><img decoding=\"async\" loading=\"lazy\" class=\"wp-image-1763 size-medium aligncenter\" src=\"https:\/\/dev.passportgroup.cl\/wp-content\/uploads\/2022\/12\/FELIPE-222x300.png\" alt=\"\" width=\"222\" height=\"300\" srcset=\"https:\/\/dev.passportgroup.cl\/wp-content\/uploads\/2022\/12\/FELIPE-222x300.png 222w, https:\/\/dev.passportgroup.cl\/wp-content\/uploads\/2022\/12\/FELIPE.png 228w\" sizes=\"(max-width: 222px) 100vw, 222px\" \/><\/p>\n<p style=\"text-align: center;\"><strong>Felipe Pe\u00f1a<\/strong><br \/>\nDirector Ejecutivo<\/p>\n<p>[\/vc_column_text]<\/div><\/div>\t\t\t<script type=\"text\/javascript\">\r\n\t\t\t\tjQuery(document).ready(function ($) {\r\n\t\t\t\t\tif( typeof jQuery('.ult-carousel-283200763169e33f7973d63').slick == \"function\"){\r\n\t\t\t\t\t\t$('.ult-carousel-283200763169e33f7973d63').slick({dots: false,autoplay: true,autoplaySpeed: 5000,speed: 300,infinite: true,arrows: true,nextArrow: '<button type=\"button\" role=\"button\" aria-label=\"Next\" style=\"color:#d1af61; font-size:20px;\" class=\"slick-next default\"><i class=\"ultsl-arrow-right6\"><\/i><\/button>',prevArrow: '<button type=\"button\" role=\"button\" aria-label=\"Previous\" style=\"color:#d1af61; font-size:20px;\" class=\"slick-prev default\"><i class=\"ultsl-arrow-left6\"><\/i><\/button>',slidesToScroll:3,slidesToShow:3,swipe: true,draggable: true,touchMove: true,pauseOnHover: true,pauseOnFocus: false,responsive: [\r\n\t\t\t\t\t\t\t{\r\n\t\t\t\t\t\t\t  breakpoint: 1026,\r\n\t\t\t\t\t\t\t  settings: {\r\n\t\t\t\t\t\t\t\tslidesToShow: 3,\r\n\t\t\t\t\t\t\t\tslidesToScroll: 3,  \r\n\t\t\t\t\t\t\t  }\r\n\t\t\t\t\t\t\t},\r\n\t\t\t\t\t\t\t{\r\n\t\t\t\t\t\t\t  breakpoint: 1025,\r\n\t\t\t\t\t\t\t  settings: {\r\n\t\t\t\t\t\t\t\tslidesToShow: 3,\r\n\t\t\t\t\t\t\t\tslidesToScroll: 3\r\n\t\t\t\t\t\t\t  }\r\n\t\t\t\t\t\t\t},\r\n\t\t\t\t\t\t\t{\r\n\t\t\t\t\t\t\t  breakpoint: 760,\r\n\t\t\t\t\t\t\t  settings: {\r\n\t\t\t\t\t\t\t\tslidesToShow: 1,\r\n\t\t\t\t\t\t\t\tslidesToScroll: 1\r\n\t\t\t\t\t\t\t  }\r\n\t\t\t\t\t\t\t}\r\n\t\t\t\t\t\t],pauseOnDotsHover: true,customPaging: function(slider, i) {\r\n                   return '<i type=\"button\" style= \"color:#333333;\" class=\"ultsl-record\" data-role=\"none\"><\/i>';\r\n                },});\r\n\t\t\t\t\t}\r\n\t\t\t\t});\r\n\t\t\t<\/script>\r\n\t\t\t[\/vc_column][\/vc_row][vc_row full_width=\u00bbstretch_row\u00bb full_height=\u00bbyes\u00bb equal_height=\u00bbyes\u00bb el_class=\u00bbcontacto\u00bb css=\u00bb.vc_custom_1671151113843{background-image: url(https:\/\/dev.passportgroup.cl\/wp-content\/uploads\/2022\/12\/FORMULARIO.webp?id=1768) !important;background-position: center !important;background-repeat: no-repeat !important;background-size: cover !important;}\u00bb][vc_column width=\u00bb1\/4&#8243; offset=\u00bbvc_col-lg-offset-0 vc_col-lg-3 vc_col-md-offset-0 vc_col-md-3 vc_col-sm-offset-0 vc_hidden-sm vc_col-xs-12 vc_hidden-xs\u00bb el_id=\u00bbcol-passport\u00bb][vc_single_image image=\u00bb1816&#8243; img_size=\u00bbfull\u00bb alignment=\u00bbright\u00bb css_animation=\u00bbfadeIn\u00bb][\/vc_column][vc_column offset=\u00bbvc_col-lg-offset-0 vc_col-lg-6 vc_col-md-offset-0 vc_col-md-6 vc_col-sm-offset-0 vc_col-xs-12&#8243;][vc_column_text]<\/p>\n<h2 style=\"text-align: center;\">CONTACTA A NUESTROS<br \/>\nTRIPULANTES DE VUELO<\/h2>\n<p>[\/vc_column_text]<div class=\"wpcf7 no-js\" id=\"wpcf7-f5-o1\" lang=\"en-US\" dir=\"ltr\">\n<div class=\"screen-reader-response\"><p role=\"status\" aria-live=\"polite\" aria-atomic=\"true\"><\/p> <ul><\/ul><\/div>\n<form action=\"\/index.php?rest_route=%2Fwp%2Fv2%2Fpages%2F605#wpcf7-f5-o1\" method=\"post\" class=\"wpcf7-form init\" aria-label=\"Contact form\" novalidate=\"novalidate\" data-status=\"init\">\n<div style=\"display: none;\">\n<input type=\"hidden\" name=\"_wpcf7\" value=\"5\" \/>\n<input type=\"hidden\" name=\"_wpcf7_version\" value=\"5.7\" \/>\n<input type=\"hidden\" name=\"_wpcf7_locale\" value=\"en_US\" \/>\n<input type=\"hidden\" name=\"_wpcf7_unit_tag\" value=\"wpcf7-f5-o1\" \/>\n<input type=\"hidden\" name=\"_wpcf7_container_post\" value=\"0\" \/>\n<input type=\"hidden\" name=\"_wpcf7_posted_data_hash\" value=\"\" \/>\n<\/div>\n<div class=\"field-ctr\">\n\t<p><label><span class=\"wpcf7-form-control-wrap\" data-name=\"your-name\"><input size=\"40\" class=\"wpcf7-form-control wpcf7-text wpcf7-validates-as-required\" aria-required=\"true\" aria-invalid=\"false\" placeholder=\"Nombre completo\" value=\"\" type=\"text\" name=\"your-name\" \/><\/span><\/label>\n\t<\/p>\n<\/div>\n<p><br \/>\n<\/p>\n<div class=\"field-ctr\">\n\t<p><label><span class=\"wpcf7-form-control-wrap\" data-name=\"your-phone\"><input size=\"40\" class=\"wpcf7-form-control wpcf7-text wpcf7-tel wpcf7-validates-as-required wpcf7-validates-as-tel\" aria-required=\"true\" aria-invalid=\"false\" placeholder=\"Tel\u00e9fono\" value=\"\" type=\"tel\" name=\"your-phone\" \/><\/span><\/label>\n\t<\/p>\n<\/div>\n<p><br \/>\n<\/p>\n<div class=\"field-ctr\">\n\t<p><label><span class=\"wpcf7-form-control-wrap\" data-name=\"your-email\"><input size=\"40\" class=\"wpcf7-form-control wpcf7-text wpcf7-email wpcf7-validates-as-required wpcf7-validates-as-email\" aria-required=\"true\" aria-invalid=\"false\" placeholder=\"Correo\" value=\"\" type=\"email\" name=\"your-email\" \/><\/span><\/label>\n\t<\/p>\n<\/div>\n<p><br \/>\n<\/p>\n<div class=\"field-ctr\">\n\t<p><label><span class=\"wpcf7-form-control-wrap\" data-name=\"your-company\"><input size=\"40\" class=\"wpcf7-form-control wpcf7-text\" aria-invalid=\"false\" placeholder=\"Empresa\" value=\"\" type=\"text\" name=\"your-company\" \/><\/span><\/label>\n\t<\/p>\n<\/div>\n<p><br \/>\n<\/p>\n<div class=\"field-ctr\">\n\t<p><label><span class=\"wpcf7-form-control-wrap\" data-name=\"your-message\"><textarea cols=\"40\" rows=\"10\" class=\"wpcf7-form-control wpcf7-textarea\" aria-invalid=\"false\" placeholder=\"Escribe aqu\u00ed\" name=\"your-message\"><\/textarea><\/span><\/label>\n\t<\/p>\n<\/div>\n<p><br \/>\n<input class=\"wpcf7-form-control has-spinner wpcf7-submit\" type=\"submit\" value=\"ENVIAR\" \/>\n<\/p><div class=\"wpcf7-response-output\" aria-hidden=\"true\"><\/div><\/form><\/div>[\/vc_column][vc_column width=\u00bb1\/4&#8243; offset=\u00bbvc_col-lg-offset-0 vc_col-lg-3 vc_col-md-offset-0 vc_col-md-3 vc_hidden-sm vc_hidden-xs\u00bb el_id=\u00bbcol-passed\u00bb][vc_single_image image=\u00bb1815&#8243; img_size=\u00bbfull\u00bb css_animation=\u00bbfadeIn\u00bb][\/vc_column][\/vc_row][vc_row full_width=\u00bbstretch_row\u00bb css=\u00bb.vc_custom_1671147120454{background-color: #000000 !important;}\u00bb][vc_column width=\u00bb1\/2&#8243; offset=\u00bbvc_col-lg-offset-2\/5 vc_col-lg-1\/5 vc_col-md-offset-2\/5 vc_col-md-1\/5 vc_col-sm-offset-3 vc_col-xs-offset-3 vc_col-xs-6&#8243;][vc_single_image image=\u00bb1800&#8243; img_size=\u00bbfull\u00bb alignment=\u00bbcenter\u00bb][\/vc_column][\/vc_row][vc_row full_width=\u00bbstretch_row\u00bb css=\u00bb.vc_custom_1671149842638{background-color: #000000 !important;}\u00bb el_class=\u00bbfooter-contact-info\u00bb][vc_column offset=\u00bbvc_col-lg-offset-1\/5 vc_col-lg-1\/5 vc_col-md-offset-1\/5 vc_col-md-1\/5 vc_col-sm-offset-0 vc_col-xs-12&#8243;][vc_column_text]<\/p>\n<p style=\"text-align: center;\"><a class=\"map\" href=\"#\">Ver Mapa<\/a><\/p>\n<p style=\"text-align: center;\">UBICACI\u00d3N<\/p>\n<p>[\/vc_column_text][\/vc_column][vc_column offset=\u00bbvc_col-lg-offset-0 vc_col-lg-1\/5 vc_col-md-offset-0 vc_col-md-1\/5 vc_col-sm-offset-0 vc_col-xs-12&#8243;][vc_column_text]<\/p>\n<p style=\"text-align: center;\"><a class=\"instagram\" href=\"#\"><img decoding=\"async\" loading=\"lazy\" class=\"alignnone wp-image-1809 size-full\" src=\"https:\/\/dev.passportgroup.cl\/wp-content\/uploads\/2022\/12\/icon-instagram.png\" alt=\"\" width=\"30\" height=\"30\" \/><\/a><a class=\"facebook\" href=\"#\"><img decoding=\"async\" loading=\"lazy\" class=\"alignnone wp-image-1808 size-full\" src=\"https:\/\/dev.passportgroup.cl\/wp-content\/uploads\/2022\/12\/icon-facebook.png\" alt=\"\" width=\"30\" height=\"30\" \/><\/a><\/p>\n<p style=\"text-align: center;\">S\u00cdGUENOS EN REDES SOCIALES<\/p>\n<p>[\/vc_column_text][\/vc_column][vc_column offset=\u00bbvc_col-lg-offset-0 vc_col-lg-1\/5 vc_col-md-offset-0 vc_col-md-1\/5 vc_col-sm-offset-0 vc_col-xs-12&#8243;][vc_column_text]<\/p>\n<p style=\"text-align: center;\"><a class=\"phone\" href=\"#\">+56 9 0000 0000<\/a><\/p>\n<p style=\"text-align: center;\">CONT\u00c1CTANOS<\/p>\n<p>[\/vc_column_text][\/vc_column][\/vc_row]<\/p>\n","protected":false},"excerpt":{"rendered":"<p>[vc_row full_width=\u00bbstretch_row\u00bb full_height=\u00bbyes\u00bb bg_type=\u00bbvideo\u00bb video_url=\u00bb\/wp-content\/uploads\/2022\/08\/Pexels-Videos-2876.mp4&#8243; video_opts=\u00bbloop,muted\u00bb el_id=\u00bbtop\u00bb][vc_column][vc_column_text] IDEAS QUE VUELAN [\/vc_column_text][\/vc_column][\/vc_row][vc_row full_width=\u00bbstretch_row\u00bb css_animation=\u00bbslideInLeft\u00bb bg_type=\u00bbimage\u00bb parallax_style=\u00bbvcpb-vz-jquery\u00bb bg_image_new=\u00bbid^1691|url^https:\/\/dev.passportgroup.cl\/wp-content\/uploads\/2022\/08\/pexels-airam-vargas-868940.jpeg|caption^null|alt^null|title^pexels-airam-vargas-868940|description^null\u00bb bg_image_repeat=\u00bbno-repeat\u00bb disable_on_mobile_img_parallax=\u00bbdisable_on_mobile_img_parallax_value\u00bb el_id=\u00bbque-hacemos\u00bb css=\u00bb.vc_custom_1660804476554{padding-top: 80px !important;padding-bottom: 80px !important;}\u00bb][vc_column][vc_row_inner equal_height=\u00bbyes\u00bb css=\u00bb.vc_custom_1660801721527{padding-top: 0px !important;background-color: #000000 !important;}\u00bb][vc_column_inner width=\u00bb2\/12&#8243;][vc_single_image image=\u00bb1771&#8243; img_size=\u00bbfull\u00bb css=\u00bb.vc_custom_1671137452924{margin-bottom: 0px !important;}\u00bb][\/vc_column_inner][vc_column_inner width=\u00bb4\/12&#8243;][vc_column_text] BTL Congresos, workshop, eventos corporativos, merchandising, activaciones en PDV, intervenciones y mucho m\u00e1s. DESPEGA CON NOSOTROS [\/vc_column_text][\/vc_column_inner][vc_column_inner width=\u00bb2\/12&#8243;][vc_single_image [&#8230;]<\/p>\n<p><a class=\"btn btn-secondary understrap-read-more-link\" href=\"https:\/\/dev.passportgroup.cl\/\">Read More&#8230;<span class=\"screen-reader-text\"> from Home<\/span><\/a><\/p>\n","protected":false},"author":1,"featured_media":0,"parent":0,"menu_order":0,"comment_status":"closed","ping_status":"closed","template":"","meta":[],"_links":{"self":[{"href":"https:\/\/dev.passportgroup.cl\/index.php?rest_route=\/wp\/v2\/pages\/605"}],"collection":[{"href":"https:\/\/dev.passportgroup.cl\/index.php?rest_route=\/wp\/v2\/pages"}],"about":[{"href":"https:\/\/dev.passportgroup.cl\/index.php?rest_route=\/wp\/v2\/types\/page"}],"author":[{"embeddable":true,"href":"https:\/\/dev.passportgroup.cl\/index.php?rest_route=\/wp\/v2\/users\/1"}],"replies":[{"embeddable":true,"href":"https:\/\/dev.passportgroup.cl\/index.php?rest_route=%2Fwp%2Fv2%2Fcomments&post=605"}],"version-history":[{"count":1,"href":"https:\/\/dev.passportgroup.cl\/index.php?rest_route=\/wp\/v2\/pages\/605\/revisions"}],"predecessor-version":[{"id":1821,"href":"https:\/\/dev.passportgroup.cl\/index.php?rest_route=\/wp\/v2\/pages\/605\/revisions\/1821"}],"wp:attachment":[{"href":"https:\/\/dev.passportgroup.cl\/index.php?rest_route=%2Fwp%2Fv2%2Fmedia&parent=605"}],"curies":[{"name":"wp","href":"https:\/\/api.w.org\/{rel}","templated":true}]}}